 - -16. Let f = q + l. What is the units digit of f?
2
Let h(l) = -l**2 - l + 1. Let u be h(0). Let k = 2 - u. What is the units digit of k?
1
What is the tens digit of -172*(-5)/(-5)*1/(-2)?
8
Let k(z) = 5*z**2 + 2*z - 1. Let l(q) = q**2 - 6*q + 1. Let n be l(6). Let p be k(n). Suppose -s = -p + 1, 0 = 2*o + 2*s - 40. What is the units digit of o?
5
Let g(y) = 25*y + 2. What is the tens digit of g(6)?
5
Suppose 2*n + 183 = 3*n. What is the units digit of n?
3
Suppose -11*a + 373 = -1244. What is the units digit of a?
7
Suppose 5*b - 7 = -27. Suppose -5*a = -25, -4*a - 3 = -3*k - 5. Let c = b + k. What is the units digit of c?
2
Suppose -29 = 2*d - 3*d. Let l = 17 - d. What is the tens digit of (l/(-5))/(5/25)?
1
Let o(g) = g**3 + 14*g**2 - 8*g - 6. Let d be o(-14). Let s = d + -74. What is the units digit of s?
2
Let m be 189/18*4/6. Suppose -a = -m - 40. What is the tens digit of a?
4
Let d be 7*-1*3/(-1). Suppose 5*j - 5*k + 40 = 0, -3*j - 3*k = -4*k + 34. Let y = d + j. What is the units digit of y?
8
Let m = 4 - 2. What is the tens digit of (4 - -11)/(3 - m)?
1
Let n be 5/(-5) + (-1 - -5). Suppose n*h + 31 = 2*m, 3 = 3*m + h - 16. What is the units digit of m?
8
Suppose -3*p = -o - 24, -4*p = 3*o - 2*o + 38. What is the units digit of 6/o + (-243)/(-15)?
6
Suppose 0 = -2*z - 22 - 38. Suppose 0 = 4*o - 4*y + 76, y - 6*y = 3*o + 57. Let g = o - z. What is the tens digit of g?
1
Suppose 3*l - 4*l = 3. Let a(j) = -2*j + 5*j**3 - 3*j**3 - 3*j**3 - 3*j**2 + 1 + j. What is the units digit of a(l)?
4
Suppose 5*n - 30 = 60. Let u = 31 - n. What is the units digit of u?
3
Let b(n) = -n**3 - 11*n**2 + 14*n - 4. Let t be b(-12). Let u = t - -45. What is the units digit of u?
7
Let m(v) = -1 + v + 6*v**2 - 2*v - v**3 + 9*v. Let s be m(7). Suppose -s = 2*g - 5*d, -d = -2*g - g + 4. What is the units digit of g?
2
Let y be (18/(-15))/(3/60). Let m be (-1 - -2)/((-6)/y). What is the units digit of (2/m)/((-3)/(-6))?
1
Suppose -4*k = 2*p - 628, 0 = -2*p + 3*k - k + 616. What is the units digit of p?
0
Let s = -7 + 4. What is the tens digit of s*(-20)/6*1?
1
Suppose -2*k - 16 = -5*z, 2 = 2*z + 3*k - 12. Let c = z + -3. What is the units digit of c?
1
Suppose -5 = 3*o - 17. Let h be 3/o + 1/4. What is the units digit of h - (0 - -2 - 8)?
7
Let a = 0 - -3. Suppose a*c = 24 - 6. Suppose -h + 3*l + c = 5*l, 0 = -2*h + 2*l + 30. What is the units digit of h?
2
Suppose 0*a + 12 = 4*a - c, 0 = -4*a + 2*c + 8. Suppose -2*g + a*j = -22, g - 5 = j + 3*j. What is the tens digit of g?
1
Suppose d = 3*d - 10. Suppose 36 = h + 12. Suppose -d*t + h = -t. What is the units digit of t?
6
Suppose r + 3*j - 15 = 0, 3*r = 4*j - 2*j + 1. Let x be 1 - (0 - (-2 + 3)). Suppose 22 = r*i + 4*s, -3*i + 4*s + 52 = x*s. What is the units digit of i?
4
Let f = 204 + -74. What is the hundreds digit of f?
1
Let m = 2 + -11. Let p = 6 + m. What is the units digit of 3 + -2 - (1 + p)?
3
Suppose 0 = 3*k - 4*m + 29, k - 3*m + 21 - 3 = 0. What is the units digit of k/(-1)*(-30)/(-9)?
0
Let x = 141 + -64. What is the units digit of x?
7
Suppose 0 = 2*a + 3*g - 133, -2*a + 121 = 2*g - 15. What is the units digit of a?
1
Let x = 0 - 0. Suppose -2*s + 5*s - 27 = x. What is the units digit of s?
9
Let g(x) = -3*x - 4. Let q(k) = k + 1. Let a(p) = 4*g(p) + 11*q(p). What is the units digit of a(-6)?
1
Let h = -182 - -289. What is the tens digit of h?
0
Suppose -2*d = -5*w + 42, 5*d = -w + 3*w. What is the units digit of w?
0
Suppose -131 = -5*h - 26. Let p = h - 32. What is the units digit of 2/11 - 31/p?
3
Suppose 2*s + 369 = 3*t - 167, -4*t + 724 = 2*s. What is the tens digit of (t/(-42))/(1/(-7))?
3
Suppose 4*k - 2*z = 182, -2*z = 2*k + z - 71. What is the units digit of k?
3
Let q be 2/(-10) + 27/(-15). What is the units digit of (13 - q)*(-8)/(-4)?
0
Let r be 0 - (1 + 0/1). What is the units digit of 12/1*r/(-2)?
6
Suppose -5*g + 210 = 5*p + 55, -87 = -3*g - p. What is the units digit of g?
8
Suppose 0 = -4*p + 4*j + 12, p + 3 = 2*p + 5*j. Suppose -p*t + 2*u = 2*t - 29, -4*u - 16 = -4*t. What is the units digit of t?
7
Let n be (-12 + 2)/(2/(-6)). Suppose -4*c + n = -2*c. What is the tens digit of c?
1
Let h(a) = 5*a**2 - 2*a - 6. What is the units digit of h(4)?
6
Let v be -15*-2*(-3)/(-9). Suppose -v = -4*x - x. What is the units digit of 10/(3 + x/(-2))?
5
Let l(g) = g**2 + 4*g + 2. Let d be l(-4). Suppose -c + d*t + 4 + 14 = 0, 5*t = 4*c - 60. What is the units digit of c?
0
Let j = -11 + 15. Suppose -j*v + 32 = -4*s, -s + 0*s = v. What is the units digit of v?
4
Suppose j = -w + 6, 4*w = -4 + 24. What is the units digit of 2*-1*(-2 + j)?
2
Let o(y) = y**2 - 4*y + 2. Let w be o(4). Let r(q) = 0*q**2 + q - 3*q + 2*q**2. What is the units digit of r(w)?
4
Let n be (-88)/(-14) - (-6)/(-21). What is the units digit of (-1)/2 + 33/n?
5
What is the tens digit of (3 + -2)*(4 - -265)?
6
Suppose -5*i = -i + s - 120, -3*i + s + 90 = 0. What is the tens digit of i?
3
What is the units digit of 9*((-2)/8*-4 - 0)?
9
What is the units digit of (-2)/3*(-102)/4?
7
What is the units digit of 24/(-18)*(-18)/4?
6
Let v = 6 - -17. Suppose -4*h + v + 19 = -2*x, -2*h + 5*x = -33. What is the units digit of h?
9
Let v(n) = -2*n - 11. What is the units digit of v(-22)?
3
Let h = 11 - 9. Suppose -h*o - 2*o = -36. What is the units digit of o?
9
Suppose 0 = -4*q - 2*z - 284, 0 = -5*q - z - 2*z - 357. What is the tens digit of 1/2 + q/(-6)?
1
Suppose -1 = -z + 2. Suppose -3*x - 2 = 2*v - 2*x, -5*v = 2*x + z. What is the units digit of v?
1
What is the tens digit of (-2)/4 + 156/8?
1
Let x = -18 + 71. What is the units digit of x?
3
Suppose -2*n + n = -12. What is the tens digit of n?
1
Suppose -2*j = 2*j + 2*m - 630, 5*m = 4*j - 665. What is the units digit of j?
0
Let s(q) be the second derivative of -q**4/12 - 5*q**3/3 - 3*q**2/2 - q. Let a be s(-8). Suppose 3*v - 4*n = a, -3*n - 7 = -v + n. What is the units digit of v?
3
Let s(h) be the first derivative of -h**4/12 - 5*h**3/6 - h**2 + h - 2. Let k(m) be the first derivative of s(m). What is the units digit of k(-4)?
2
Let c(g) = 6*g - 1. Let u be c(1). Suppose 119 - 19 = u*b. What is the units digit of b?
0
Let i(p) = 6*p**2 + p - 4. What is the tens digit of i(2)?
2
Suppose 0 = 2*t - 0*v + 4*v - 16, -4*t + 3*v + 10 = 0. Suppose t*u - 160 = -12. What is the tens digit of u?
3
Suppose 2*x - 2*g - 28 = 0, -g = 2*x - 2 - 32. What is the units digit of x?
6
Suppose -3*z - 6 = 6. Let r = 3 + z. What is the units digit of r/(0 - 2/12)?
6
Let d = 92 - -5. What is the units digit of d?
7
Let k(u) = -u**3 - 4*u**2 + 4*u + 1. Let z = 45 - 30. Suppose -h = -4*h - z. What is the units digit of k(h)?
6
Let b(v) = -4*v**3 - v**2 - v - 1. Let u be b(-1). Let w be (-1 - 0) + (8 - 5). Suppose -q + u = -w. What is the units digit of q?
5
Let y be -1 - (-1)/((-1)/16). Let d = y - -4. What is the units digit of -7*(1 + d/7)?
6
Suppose -158 = -4*d + 114. What is the units digit of d?
8
Suppose -2*b + 2*l = 0, 5 + 4 = 5*b + 4*l. Let z = 4 + b. What is the units digit of z?
5
Let q(h) = -h**2 + 5*h - 1. Let n be q(4). Suppose n*m - 100 = -m. What is the units digit of m?
5
What is the tens digit of (-3 - 2)*(-15 - -3)?
6
Suppose 0 = -0*c + 5*c - 25, -2 = -4*j + 2*c. Let g = 5 + -3. Suppose -48 = -2*s - g*l, -3*s = 2*s + j*l - 116. What is the tens digit of s?
2
Let d(o) = -o**2 + 4*o + 6. Suppose -t = 3*t - 20. What is the units digit of d(t)?
1
Let t(v) = -22*v**2 - v - 1. Let q be t(-1). Let y = q + 36. What is the tens digit of y?
1
Suppose 0 = -2*g - 15 - 3. Let q = -3 - g. Let i(v) = v**3 - 7*v**2 + 7*v - 5. What is the units digit of i(q)?
1
Let o be (0 + 0)/(1 - -1). Suppose -g + 5*g - 8 = o. What is the units digit of g?
2
Let n = -3 + 5. Suppose -7*o = -n*o - 85. What is the tens digit of o?
1
Suppose 4*i + r - 9 = 0, r - 4*r = 4*i - 3. What is the units digit of i?
3
Suppose -m = -2*t + 2, -5*t = -3*m + m - 3. Suppose 0 = -3*y + 2*y - 5. Let h = t - y. What is the units digit of h?
4
Let n(u) = 2*u**3 + 13*u - 15. Let d(b) = b**3 + 6*b - 8. Let j(k) = -13*d(k) + 6*n(k). Let i = -1 - -1. What is the tens digit of j(i)?
1
Let v(x) = 2*x**2 + 3 + 1 - 5. What is the units digit of v(-1)?
1
Let d(c) = c + 53 - 50 - 2*c. Let o be (1*2)/((-6)/21). What is the tens digit of d(o)